emainder when b is divided by 7?
4
Let x(b) = -2 + 5*b - 4*b - 3*b. Let n be x(-3). Suppose 4*i = -n*l + 60, -3*l + 134 = -4*i + 54. What is the remainder when l is divided by 7?
6
Let f(q) be the second derivative of q**5/20 - q**3/6 + 11*q**2/2 - 3*q. What is the remainder when 43 is divided by f(0)?
10
Suppose -3*w = 5*h, 3*h - 4*w - 24 - 5 = 0. Let r = 37 + -17. Suppose r = 5*v - 3*v. What is the remainder when v is divided by h?
1
Suppose -4*f = 4*g - 4 + 44, -g + 20 = -4*f. Let w(b) = -b**2 - 6*b + 6. Let n(z) = -z**2 + z + 16. What is the remainder when n(0) is divided by w(f)?
4
Let y = -14 + 25. What is the remainder when y is divided by 105/18 - 2/(-12)?
5
Suppose -3*p - 5*i + 35 = -2*p, 0 = 4*p - i - 35. Calculate the remainder when p is divided by 3.
1
Let c = -7 + 19. Let r = -74 - -108. What is the remainder when r is divided by c?
10
Let p(t) = -t**2 + 8*t + 3. Let g be p(7). Let k = g - 6. What is the remainder when 10 is divided by k?
2
Let w(h) = -h**3 + 8*h**2 + 9*h + 13. What is the remainder when 51 is divided by w(9)?
12
Let p = 18 - 30. Let n = p + 24. What is the remainder when 33 is divided by n?
9
Let d(l) = -l**3 + 17*l**2 - 13*l - 14. What is the remainder when d(16) is divided by 9?
7
Let x be -1 + -6*(-2)/4. Suppose 7*z - 10 = x*z. What is the remainder when 22 is divided by 6 - 0*z/(-4)?
4
Suppose -3 = -2*a + 5. Let x = -422 - -437. Calculate the remainder when x is divided by a.
3
Suppose -4*h = -4 - 0. Let b(z) = 13*z. Calculate the remainder when b(h) is divided by 7.
6
Let q = 553 - 369. What is the remainder when q is divided by 37?
36
Let n(b) = 2*b**2 - 4*b + 3. Let z be n(2). Suppose 69 = z*a + h, 0 = -h + 3. Calculate the remainder when 42 is divided by a.
20
Let z = -102 + 130. Calculate the remainder when z is divided by 10.
8
Suppose -2*b - 10 = 0, -b + 32 = -2*f + 3*f. What is the remainder when f is divided by 14?
9
Let j = 12 - 9. Let h = 3 - j. Suppose -3*z - 3 = 3*l, h = z + z + l - 2. What is the remainder when 11 is divided by z?
2
Let b(q) = -3*q**2 + 3*q. Let g be b(2). Let n(t) = -2*t - 1. Let s(z) = -4*z + 1. Calculate the remainder when s(-5) is divided by n(g).
10
Let v(c) = 16*c**2 + 2*c + 1. Let t be v(-1). Suppose 0 = -5*h + 6*h - t. Calculate the remainder when 59 is divided by h.
14
Suppose -4*v - 2*a + 7*a + 480 = 0, -3*a = 5*v - 637. Calculate the remainder when v is divided by 32.
29
Suppose 0 = -3*f + 42. Suppose 3*s = 5*q - 4 - 10, 4*s + 10 = -2*q. Calculate the remainder when f is divided by 6*(15/(-9) - s).
6
Calculate the remainder when 4*(-2 - 13/(-4)) is divided by 4.
1
Let k be (-17)/3 - (-2)/3. What is the remainder when 3 is divided by (-4 + -1)*3/k?
0
Let q(r) = -r**2 + 16. Let l(v) = -7*v**2 - 39*v - 14. What is the remainder when l(-4) is divided by q(0)?
14
Let s = 1 - -7. What is the remainder when s is divided by 3?
2
Suppose 2*z - 4*z = -6, 4*o - 49 = z. Let j = o - 7. Suppose 0 = -2*h + j*h - 108. What is the remainder when h is divided by 14?
13
Suppose 0*d + 9 = 9*d. Calculate the remainder when 1 - (0/(-3) - 1) is divided by d.
0
Let v(x) = -x**3 + 9*x**2 + 14*x + 5. Let k(l) = l**2 + 7*l + 10. Let r be k(-7). What is the remainder when v(r) is divided by 23?
22
Suppose -s + 2*s - 18 = 0. Suppose 10 + s = n. What is the remainder when n is divided by 10?
8
Suppose 2*g - 6*g = -28. Suppose 10 = 5*v - 0*v. What is the remainder when g is divided by v?
1
Let j(h) = 3*h + 1. Let o be j(-5). Let u = 22 + o. What is the remainder when 23 is divided by u?
7
Let j be 14/(-35) - 27/(-5). Suppose w + 2 = 0, -j*w = -3*y - 2*y + 1315. Calculate the remainder when (y/27)/((-2)/(-6)) is divided by 15.
14
Let i = 22 + -12. Let a = 13 - 9. Calculate the remainder when i is divided by a.
2
Suppose 0 = 2*r + 3*r - 450. Suppose 2*v - 2*j = r, -3*j = -4*v + 2*j + 185. Calculate the remainder when v is divided by 14.
12
Let t(r) = -1 - 9*r**2 + 5 + 7*r + 10*r**2. What is the remainder when 23 is divided by t(-8)?
11
Suppose 0 = 4*x + 9 - 25. Suppose 35 = x*s - 9. What is the remainder when s is divided by 6?
5
Let x(u) be the first derivative of u - 1 - 7/2*u**2. Calculate the remainder when 15 is divided by x(-1).
7
Suppose 0*x + 6 = 3*x. Suppose 2*p = -x*p + 96. Calculate the remainder when 69 is divided by p.
21
Let y = -4 + 3. Let n = 3 + y. Suppose t = n + 1. Calculate the remainder when 11 is divided by t.
2
Let b = 113 + -79. Calculate the remainder when b is divided by (-1)/((-25)/290) + 4/10.
10
Suppose -3*r + 46 = -r. What is the remainder when r is divided by 5?
3
Let s(o) = 10*o**3 + o**2 + 3*o + 2. Let r be s(-1). Let c = -4 - r. Calculate the remainder when c is divided by 4.
2
Let d = 1 + 3. Suppose -6 - d = -2*g. Suppose 0 = -g*x + 9 + 111. What is the remainder when x is divided by 13?
11
Let h = -195 + 68. Let a = -66 - h. What is the remainder when a is divided by 16?
13
Let o(b) = -b**3 - 5*b**2. Let y(j) = -5*j**3 - j + 1. Let g be y(1). Let h be o(g). Suppose 3*d - 18 - 30 = h. What is the remainder when d is divided by 6?
4
Let k be -1 + -23 - (-3)/(-1). Calculate the remainder when (k/(-12))/(3/108) is divided by 21.
18
Let a be -3 + (-1)/1*2. Suppose -6*q = -3*q - 33. Let b = a + q. What is the remainder when 11 is divided by b?
5
Let r = 105 + -100. What is the remainder when 64 is divided by r?
4
Suppose -n = -147 + 133. Calculate the remainder when n is divided by 11.
3
What is the remainder when (8/20)/(-2) + (-231)/(-5) is divided by 12?
10
Suppose 6*y - 15*y + 1224 = 0. Calculate the remainder when y is divided by 28.
24
Suppose -44*p + 64 = -40*p. Calculate the remainder when 46 is divided by p.
14
Let r be 93/33 + (-2)/(-11). Let n(z) = -4*z - 1. Calculate the remainder when 0 + (45/r - 2) is divided by n(-2).
6
Let q(r) = 11*r - 3 - 2 + r. Suppose 16 = 5*b - 59. What is the remainder when q(4) is divided by b?
13
Let r be 6*80/36*3. Suppose 2*p + 6 = 2*l - 10, 5*l - 3*p - r = 0. Calculate the remainder when 21 is divided by l.
5
Let m be (-15)/(-25) + (-96)/10. Calculate the remainder when 3 is divided by (m/(-6))/(15/20).
1
Let v(q) be the first derivative of q**4/4 + 7*q**3/3 - 2*q + 1. Let p be v(-5). Suppose -p = -2*g - g. What is the remainder when g is divided by 6?
4
Let s(g) = 9*g**2 + 7*g + 5. What is the remainder when s(-4) is divided by 31?
28
Suppose -m - 143 = -5*j + m, 0 = -3*m - 12. What is the remainder when j is divided by 7?
6
Suppose 6*y + 2 = 26. What is the remainder when 9 is divided by y?
1
Let n = 124 - 80. Calculate the remainder when n is divided by (3 - 0 - 0)*5.
14
Let b(n) = 12*n. Suppose 29*s = 25*s + 76. What is the remainder when b(3) is divided by s?
17
Suppose 147 = 5*c - 193. Calculate the remainder when c is divided by 25.
18
Suppose 11*r - 10*r - 15 = -4*h, 0 = -4*h - 20. What is the remainder when 139 is divided by r?
34
Suppose -4*s = 4*j - 40, s + 4*s - 15 = 2*j. Suppose -g = -2*g + 13. Calculate the remainder when g is divided by j.
3
Let s(d) = d**2 - 3*d - 4. Calculate the remainder when 34 is divided by s(6).
6
Let f be ((-61)/3)/((-2)/6). Suppose -3*b + 2*j + 75 = 0, 4*j + f = 2*b - j. Let o = 107 + -63. Calculate the remainder when o is divided by b.
21
Let r be 6/8 - (-221)/4. Suppose a + r = 5*a. What is the remainder when 27 is divided by a?
13
Calculate the remainder when 4/(-10) + (-154)/(-10) is divided by 9.
6
Let x(t) = t + 6. Let i be x(0). Suppose -i*b + b = -90. What is the remainder when 35 is divided by b?
17
Let h = -6 - -8. Let a = 22 - 13. What is the remainder when (2/(-1))/(a/(-18)) is divided by h?
0
Let t = -8 + 8. What is the remainder when 55 is divided by 28 + 2/(-6)*t?
27
Suppose 0 = -z + 4*k + 28, 5*k + 88 = 5*z + 8. What is the remainder when ((-2)/(-4))/((-7)/1610*-5) is divided by z?
11
What is the remainder when 10 - (-1 + -2 - -1) is divided by (-1)/((-12)/(-14) + -1)?
5
Let k = 3 - 0. Suppose -v - 2*r + 0 = -7, -r + 1 = k*v. What is the remainder when 50 is divided by (v/2*-34)/1?
16
Let z = 27 - 21. Suppose -p + 44 = -z. What is the remainder when p is divided by 26?
24
Let x = 85 - 50. Calculate the remainder when x is divided by 12.
11
Let l = 27 + -9. Calculate the remainder when 35 is divided by l.
17
Suppose 0 = 3*a - 0*a - 3. Suppose 12*m = 7*m + 10. What is 